Let o be i(1). Let f = o + 12. Suppose -f*z + 4*z = 16, 3*z = w - 19. What is the units digit of w?
7
Let u = -15 + 26. Let r = u + -4. What is the units digit of r?
7
Suppose 3 = -b + 7. Suppose -14 = -b*m + 54. What is the units digit of m?
7
Suppose -6 = -2*n + 4. What is the units digit of -15*((-12)/n + 2)?
6
Let g = -7 - -1. What is the tens digit of 0 - -21*g/(-9)?
1
Let k = 33 + -66. Let x = -23 - k. What is the tens digit of x?
1
Let p = 195 + -103. Suppose -2*u - v - 22 = -p, 128 = 4*u - v. What is the units digit of u?
3
Let c(m) = 47*m**2 - 2*m - 1. Let b be c(-1). Suppose -2*z - 2*v = -24, -2*z + v = 2*z - b. What is the tens digit of z?
1
Suppose 3*u + 5*q = 467, u + 3*q = -u + 310. What is the hundreds digit of u?
1
Let o = -52 + 37. Let v be o/(-6)*(2 - 0). Suppose -2*a - a = v*n - 47, -n - 5*a + 27 = 0. What is the units digit of n?
7
Let r(j) = -41*j + 3. What is the units digit of r(-1)?
4
Suppose w + 4*w = k + 101, -50 = -2*w - 2*k. Let l = -2 + w. What is the tens digit of l?
1
Let y(a) = a**3 - 2*a**2 - 3*a + 4. Let k be y(3). Suppose -k*w + 2*w = -24. What is the units digit of w?
2
Let p(t) = 135*t**3 + 2*t**2 - t - 1. What is the tens digit of p(1)?
3
Let w(t) = -t**3 - 9*t**2 + 5*t + 5. Let d be w(-10). Suppose -6*z + u + d = -2*z, -1 = -u. What is the tens digit of z?
1
Let y(n) = n**2 + 16*n + 11. Let c be y(-14). Let b = 2 - c. What is the tens digit of b?
1
Suppose -4 = -2*c - 2*c. Let a = 7 + c. What is the units digit of a?
8
Let i(l) = -36*l - 1. What is the tens digit of i(-1)?
3
Let x(v) = -10*v + 40. What is the hundreds digit of x(-7)?
1
Let g(j) = 65*j**2 - j + 2. What is the units digit of g(1)?
6
Let z(m) = -m**2 - 7*m + 8. Let h be z(-7). Let f = -5 + h. What is the units digit of f?
3
Suppose -2*c + 0*c = -20. What is the units digit of 4/c - 39/(-15)?
3
Let j be 1/(-4) - 3/(-12). Suppose j*f = f - 7. Let q = 6 + f. What is the tens digit of q?
1
Let b(a) = 28*a + 7. What is the units digit of b(3)?
1
Let l(j) = -j**3 + 6*j**2 + j - 5. Let x be 5*1*(-12)/(-15). What is the tens digit of l(x)?
3
What is the tens digit of 1 + ((55 - 2) + 0 - 4)?
5
Let w = -3 - -6. Suppose 3*z = g - 2 + w, 0 = -g + 5*z - 5. Suppose 40 = g*q + 5*t + 10, -7 = -2*q - t. What is the units digit of q?
1
Let j(u) = -u**2 + 17*u - 16. What is the tens digit of j(13)?
3
Let f(k) be the second derivative of -k**5/20 + k**4/4 + k**3/3 + 5*k**2/2 + k. Let c be f(4). What is the units digit of ((-3)/c)/((-1)/(-3))?
3
Let w = -2 - -1. Let x be (w - (-1 - -4))/1. Let t = x + 11. What is the units digit of t?
7
Suppose -i - 5*i = -18. What is the units digit of i?
3
Let n be (-4)/(-8) - 9/(-2). Suppose -n*a + 24 = 4. What is the units digit of a/((-4)/(-11)) - 0?
1
Let w(t) = 28*t**2 + 2*t - 3. What is the tens digit of w(-3)?
4
Suppose d - 2*o + 4 = 0, 3*o - 7 + 22 = -2*d. Let f be d*-2*(-1)/(-4). Suppose f*j = -2 + 5. What is the units digit of j?
1
Let p be (-15)/10*(-8)/3. What is the units digit of -2*2/(p/(-3))?
3
Suppose -3*i + 5*g - 6*g + 6 = 0, -2*g = 2*i. Suppose -5*a = -4*r + 88, 5*a - i = 17. What is the tens digit of r?
2
Let x = 93 + -55. What is the tens digit of x?
3
Let z(c) = -c**2 + 2*c + 1. Suppose 3*w - 5*w - 2 = 0. Let o be z(w). Let m(x) = 6*x**2 + 4*x + 2. What is the tens digit of m(o)?
1
Suppose -u = 2*u - 12. Suppose 5*r + 0*l - 4 = 2*l, 0 = -4*r + u*l + 8. Suppose -3*i - 15 = r, 5*d + 4*i + 6 = 31. What is the units digit of d?
9
Suppose -d + 25 = -94. What is the tens digit of d?
1
Suppose -2*b + 8*b - 1038 = 0. What is the tens digit of b?
7
Suppose -n - 7 = -s, 5*n + s - 2*s + 31 = 0. What is the units digit of ((-12)/12)/(2/n)?
3
Suppose 4*k - 157 = 5*x, 2*x + 10 = -0*x. What is the units digit of k?
3
Let w(o) = 5*o**2 + o + 1. Let u be w(-1). Suppose 0 = 3*p + 3*t - u*t - 8, 2*p + 8 = -2*t. Suppose p = -d - d + 8. What is the units digit of d?
4
Let f(d) = 20*d**2 + 35*d + 12. Let z(a) = 7*a**2 + 12*a + 4. Let i(j) = -6*f(j) + 17*z(j). What is the units digit of i(-4)?
4
What is the units digit of 1/((-3)/(-12)) + 54?
8
Let y be 25/3*(9 + -6). Suppose g = y + 11. What is the tens digit of g?
3
Let n(h) = 5*h**3 + 15*h**2 - 7*h - 10. Let o(t) = 6*t**3 + 16*t**2 - 7*t - 10. Let v(w) = -7*n(w) + 6*o(w). Let q = 13 - 5. What is the units digit of v(q)?
2
What is the units digit of 26 + ((-6)/1)/(-3)?
8
Let f be (7 + -1)/(1 - 0). Let q be 100/(-6)*(-9)/f. What is the units digit of (-28)/(-10) - (-5)/q?
3
Suppose 0 = -3*h + 3*v + 75, -40 = -h + 2*v - 4*v. Suppose h = 5*y - 0*y. What is the units digit of y?
6
Suppose -1 = -3*u + 2. Suppose -4*a + u = 3*d, 0 = 5*a - 3*a + 10. What is the units digit of d?
7
Let q = 2 - -4. Let t = q + -5. What is the units digit of t?
1
Suppose -4*b + 2*r = -2*r - 212, 0 = -2*r + 8. What is the tens digit of b?
5
Suppose 3*a - 41 = -4*q, a + 31 = 4*a + 2*q. What is the units digit of a?
7
Let x = 20 + -14. Let q be ((-16)/x)/((-2)/6). Suppose -4*z + 24 = -q. What is the units digit of z?
8
Suppose -4*k + 18 = s, 4*k - s = 17 + 5. Suppose -k*u = -4*i - 30, 2*u - 2*i = -0 + 14. What is the units digit of u?
2
Let s = 1 - -1. Suppose -5*o = a - 21, 2*o = -3*a + s*a + 9. What is the units digit of ((-1)/a)/((-5)/20)?
4
Let y(b) = -b**2 + 12*b - 19. What is the tens digit of y(5)?
1
Let p(n) = -7*n + 2. Let r = -11 + 9. What is the units digit of p(r)?
6
Suppose 0*q + 3*q = 0. Let k(p) = -p**2 + p + 8. What is the units digit of k(q)?
8
Suppose -2*m = -4*m + 16. Suppose 4*v - 5*v - 5*o + 5 = 0, -4*v - 4*o = 12. Let f = m + v. What is the units digit of f?
3
Let t(o) = -o**2 + 10*o - 8. Let y be t(9). Let f be (-20)/6*(y + 2). Let l = f - -19. What is the units digit of l?
9
Suppose 4*b = x + 211, 5*x = 29 - 4. What is the units digit of b?
4
Let m be (-12)/(-9) - (-2)/3. Suppose -m - 1 = 2*y + 3*z, -4 = -5*y + 4*z. Suppose -3*a - 2*a + 10 = y. What is the units digit of a?
2
What is the tens digit of (-214)/(-4) + 2/4?
5
Suppose -101 = -3*n - 14. What is the units digit of n?
9
Let v be (-2)/(-8) - 2/8. Let o(b) = -b**3 + b**2 - 1. Let w(p) = 4*p**3 - 5*p**2 + p + 2. Let t(g) = -5*o(g) - w(g). What is the units digit of t(v)?
3
Suppose 4*q - 4*l = 368, 1 = 3*q - 5*l - 275. What is the tens digit of q?
9
Suppose 0 = 51*k - 50*k - 47. What is the tens digit of k?
4
Let g(a) = -a - 10. Let y be g(-13). Let r(h) = -h. Let p be r(-5). Suppose 0 = -2*c + y*m - 4*m + 13, -p*c - 4*m + 34 = 0. What is the units digit of c?
6
Let s(j) = j**2 - 6*j - 11. Let q(u) = -u**3 - u**2 + 3*u - 1. Let x = 3 - 6. Let f be q(x). What is the units digit of s(f)?
5
Let z = 1 - 0. Suppose -g + z = -1. What is the tens digit of 6/g*20/6?
1
Let y(t) = t - 4. Let u be y(9). Suppose 10*f = u*f + 40. What is the units digit of f?
8
Suppose 2*l = 222 + 26. What is the units digit of l?
4
Let a = 1 + -3. What is the tens digit of -4 - -1 - 9*a?
1
Suppose 16 = 3*a + 2*a + o, 0 = a - 2*o - 12. Suppose 16 = -2*y + a*y. Suppose -5 + 23 = 3*v - 5*f, 4*f = -4*v - y. What is the units digit of v?
1
What is the tens digit of 4/(-10) - (-102)/5?
2
Let l = 27 + -24. What is the units digit of l?
3
Let m = 9 - 9. Suppose 0 = 4*y - 2*y + 16. Let q = m - y. What is the units digit of q?
8
Let v(w) = -w + 4. Let a = -11 - -8. Let h(x) = x - 4. Let r(o) = a*h(o) - 2*v(o). What is the units digit of r(-6)?
0
Let a be (-1)/(-2 + 11/5). Let v be 2*(-5)/(a/2). Suppose -n + v = n. What is the units digit of n?
2
Let k(f) = 31*f**3 + 4*f - 3. What is the hundreds digit of k(2)?
2
Let k = -1 - -4. Let y(i) = 3*i**2 - 4*i + 4. What is the units digit of y(k)?
9
Suppose 2*h = -d + 4*h, -h = 2*d + 5. Let p = 0 - d. What is the units digit of p?
2
Let i(g) = 7*g**2 - 3*g + 2. Let y be i(2). Let u = -15 + y. What is the units digit of u?
9
Let i(o) be the first derivative of -o**2 - 2*o**2 + 4*o**2 + 2. What is the units digit of i(1)?
2
Let m(c) = -c**2 + c + 14. Let x be (4/12)/((-2)/(-90)). Suppose t = 2*t + 5*k - x, -2*t - 4*k + 12 = 0. What is the tens digit of m(t)?
1
Let k = 99 - 16. What is the units digit of k?
3
Suppose 2*q - 18 = -4*z, -5*z - q = -25 + 1. Suppose -n = z - 6. What is the units digit of n?
1
Let s(q) = -q**2 + q + 2. Let j = -20 + 20. What is the units digit of s(j)?
2
Let j(s) = -5*s + 3 + 2 + 5*s**2 + s**3